factor of i and 48?
12
Suppose 317 = 3*p - 4*x, 0 = -p - 3*x + 127 - 43. What is the highest common factor of p and 117?
9
Let i(r) = 51*r**2 - 58*r - 286. Let s be i(-6). What is the greatest common factor of 26 and s?
26
Suppose v = -4*f + 65, -5*f - 104 = 3*v - 5*v. What is the greatest common divisor of v and 76?
19
Suppose -48 = -4*l - 8. Let s = l - 7. Suppose 191*t - 4*i + 39 = 192*t, 2*t + 3*i - 63 = 0. Calculate the highest common divisor of t and s.
3
Let d(b) = -67*b - 380. Let o be d(-6). What is the greatest common factor of o and 297?
11
Suppose -126 = -33*g + 27*g. What is the greatest common divisor of g and 336?
21
Let g = 346 - 333. Let q be (1 - (2 + -3))*65. What is the greatest common divisor of q and g?
13
Suppose 0 = 4*h - 2*i + 38, -h - 48 = 4*h - 3*i. Let o = 11 + h. What is the greatest common divisor of o and 1?
1
Let z = -45 + 78. Let q(x) = 4*x + 3. Let a be q(0). What is the greatest common divisor of a and z?
3
Suppose 18 = -2*c + 32. Let j be (-2)/(-4) - 18/(-12). Let g(y) = 7*y**3 + y - 2. Let l be g(j). What is the highest common divisor of l and c?
7
Suppose -2*j - j = 4*c - 76, -3*c + 123 = 5*j. Calculate the greatest common factor of j and 888.
24
Suppose -x - 5*x = 0. Suppose -5*a = -x*a. Suppose a*g - s = 3*g - 4, -2*s = 2*g. What is the highest common divisor of 8 and g?
2
Let j(y) = -4*y. Let l be j(-1). Suppose 0 = 2*o + l*m - 2, 3*o - 4*m = o - 6. Let t be (-44)/(-11) - (o - 1). Calculate the greatest common divisor of t and 3.
3
Suppose 0 = -4*h - l + 44, -32 = h + 2*l - 36. Let g be (-2)/((-4)/(-50))*2. Let o = 86 + g. Calculate the greatest common factor of h and o.
12
Let m(l) = 2*l**3 + 3*l**2 - l - 2. Let r be m(3). Suppose -444 = -5*n + r. Suppose -3*s + 53 + 30 = 5*a, 3*a = 3. What is the highest common factor of n and s?
26
Let k(o) = 20*o**2 + o - 6. Let d(u) = u**3 + 7*u**2 + 3*u - 16. Let y be d(-6). Let h be k(y). Calculate the highest common divisor of h and 19.
19
Let r be (5/(-1))/(-5)*63. Let t = -56 + r. What is the highest common factor of 7 and t?
7
Suppose 374 = 16*i - 27*i. Let x = i + 85. What is the highest common factor of x and 17?
17
Let j = -66 - 20. Let u = 273 + -153. Let q = j + u. Calculate the highest common divisor of 136 and q.
34
Let q be -1 + (-3952)/(-68) - 2/17. What is the greatest common factor of 285 and q?
57
Let x(o) = -o**3 - 24*o**2 - o - 30. Let j be x(-24). Let c be (4/j)/((-4)/48). What is the highest common divisor of 8 and c?
8
Let h(p) = 7*p + 63. Let l be h(-7). Calculate the greatest common factor of l and 12.
2
Let i be ((-3)/(-12)*186)/((-15)/(-860)). What is the highest common divisor of 86 and i?
86
Let q = -676 - -698. Suppose -2*j - 66 = -5*j. Suppose a - j = -a. Calculate the greatest common factor of a and q.
11
Let d be -5 + 4 - -3 - -1518. Calculate the greatest common factor of d and 80.
80
Suppose -2*x + 4 = -x + n, -8 = -3*x - 2*n. Let k(j) = -3 + 1 - 2*j + 7 + 11. Let f be k(x). What is the highest common divisor of 64 and f?
16
Suppose 5*h + 22 = 3*k - 12, 9 = -2*k - 3*h. Calculate the greatest common divisor of k and 51.
3
Let k(j) = j**2 - j + 170. Let g be k(0). Let n = g - -83. Calculate the highest common divisor of 23 and n.
23
Let a = 4 - -112. Let l = a - 16. What is the greatest common factor of 10 and l?
10
Suppose -89 = v - 141. Calculate the greatest common factor of v and 416.
52
Suppose 3*g + 3*z = -3, g - 3*z + 8 - 19 = 0. Suppose 4 = 3*o - g*t - 50, 0 = t. Let d = 45 + -27. Calculate the greatest common divisor of d and o.
18
Let m = -432 - -729. Calculate the greatest common factor of 54 and m.
27
Let l(g) = g**2 + 3*g - 2. Let b be l(-4). Suppose 12*c - 504 = -b*c. Calculate the highest common factor of 9 and c.
9
Suppose 4*y = 28 - 20. Let z be 47 + (y - 20/5). Calculate the greatest common factor of z and 18.
9
Let p(u) = -u**2 + 66*u + 154. Let g be p(59). Calculate the highest common divisor of g and 105.
21
Let u = 440 - 376. Calculate the greatest common factor of u and 224.
32
Let v = -216 + 403. What is the greatest common factor of 11 and v?
11
Let m be 1/4 - (-1726)/8. Let l be -292*(-1)/12 + 1/(-3). Calculate the highest common divisor of m and l.
24
Let r = -10 - -19. Suppose 1 = p - r. Calculate the highest common divisor of 20 and p.
10
Let k(t) = 4*t**2 - 5*t - 8. Let i be k(8). Suppose -4*z - o - 17 = 20, 3*o = -z - 1. Let x = z + 36. Calculate the greatest common factor of i and x.
26
Let r(v) = -9*v - 2. Let z be -3*4*(-4)/24. Let m be r(z). Let t = m + 28. What is the highest common factor of t and 40?
8
Let k be -35*(-7)/((-196)/(-48)). Calculate the highest common divisor of k and 30.
30
Let u be (6 + -4)*(-561)/(-22). What is the highest common divisor of 289 and u?
17
Let g be (-6)/(-14) - ((-615)/35 + 5). Suppose 2*j = -3*j - 2*y + 323, 3*j - 198 = 3*y. What is the highest common factor of g and j?
13
Let y = 135 - 121. Let w = -39 + 74. Calculate the greatest common factor of w and y.
7
Let w(j) = -j + 8. Let k be w(5). Let n be 0 + -3 + 24 + -1. Suppose -m - n = -k*m. Calculate the greatest common factor of m and 50.
10
Let z = -7 + 5. Let o be (6/9)/(z/(-12)). Suppose 0 = o*k - 6*k + 144. Calculate the greatest common divisor of k and 9.
9
Suppose 4*u - 166 = -66. Let f be 3/((-2)/5 + 15/u). Calculate the greatest common factor of 165 and f.
15
Let r = 48 - 73. Let w = -11 - r. Suppose -6*l + 2*b = -2*l - 88, -4*b + 13 = l. Calculate the highest common factor of l and w.
7
Suppose -6*j - 5 = -5*j. Let u = j - -6. Let c be (u/(-3))/(5/(-30)). Calculate the highest common factor of c and 14.
2
Suppose 0 = -0*k - 5*k + 5*d + 60, -k = -3*d - 22. Let n(i) = -38*i**2 - 2*i + 1. Let x be n(1). Let p = 24 - x. What is the greatest common factor of k and p?
7
Let x(s) = 48*s**3 - s**2 + 1. Let m be x(1). Let b = 17 + -11. Calculate the highest common divisor of b and m.
6
Let f(k) = -k**3 - 5*k**2 + 16*k + 60. Let g be f(-7). What is the highest common divisor of g and 22?
2
Suppose 4*k + 28 - 128 = 0. Let w(c) = c**3 - 7*c**2 + c + 1. Let i be w(7). Suppose i*u = 1569 - 169. Calculate the highest common divisor of k and u.
25
Suppose -60*o - 4815 + 17355 = 0. What is the highest common divisor of o and 55?
11
Let m(i) = -i**2 - 8*i + 11. Let o be m(-10). Let u be -2 - 0 - -83 - o/(-9). What is the greatest common divisor of 20 and u?
20
Let j = 18 - 6. Suppose -7 - 23 = -3*v. Suppose v*x = 4*x + 72. What is the highest common divisor of x and j?
12
Let r(t) = 4*t**3 - 14*t**2 + 53*t - 10. Let o be r(5). Calculate the greatest common factor of o and 81.
81
Let f = 358 + 344. Suppose o + f = 7*o. Calculate the highest common divisor of 13 and o.
13
Suppose 18*d = 15*d + 3*j + 60, 3*d = j + 54. What is the greatest common factor of d and 17?
17
Suppose 3*g - 414 = -6*g. What is the highest common factor of g and 322?
46
Let g be 21/6*(-88)/(-77). Let q(a) = 5*a**3 - 2*a**2 + a. Let s be q(3). Suppose 3*h - s = -2*h. Calculate the highest common divisor of h and g.
4
Let m(s) = -s**2 - 6*s - 3. Let i be m(-3). Let y = -2 + i. Suppose -n = b - 20, 3*b + 31 - 11 = 2*n. What is the greatest common divisor of n and y?
4
Suppose 66 = 2*t + 5*q - 209, -5*t = 5*q - 695. Let z be 1 + (4 - (6 + -2))*-1. Let d be (672/(-12))/(-2*z). What is the greatest common factor of d and t?
28
Let l be 230/69*18/4. Calculate the greatest common divisor of 10 and l.
5
Suppose -20*k + 10*k + 20 = 0. Suppose 4*s - k*a - 28 = 0, -25 = -3*s + 2*s - 4*a. Calculate the highest common divisor of s and 144.
9
Let r(f) = -3*f + 6. Let z be r(5). Let k = z + 12. Suppose k*q - 340 = -10. What is the greatest common divisor of q and 44?
22
Let j(v) = -2*v + 85. Let b be j(23). Calculate the greatest common divisor of 1911 and b.
39
Let c = -195 - -320. Let g = 347 - 322. What is the greatest common divisor of g and c?
25
Suppose -4*u + 171 = -49. Let b = 104 - 149. Let q = b + 67. Calculate the greatest common factor of u and q.
11
Let u = -16 + 78. Suppose 5*s + 2 = 5*x + 12, 0 = s + x + 2. Let k be (-372)/(-4) + s/(-3). What is the greatest common divisor of u and k?
31
Let m = 19 - 11. Suppose 0 = -0*u + m*u - 544. Calculate the greatest common factor of 170 and u.
34
Let i(j) = -6*j + 14*j - 7 - 7*j - 4*j. Let w be i(-9). Let 